hat is the greatest common factor of 63 and y?
9
Let q be -55*((-94)/(-282) + (-274)/30). Let x(y) = -y**3 + 8*y**2 + 2*y + 4. Let c be x(6). What is the highest common divisor of c and q?
44
Let q(n) = 13*n**2 + 2*n - 1. Let b be q(2). Suppose b + 20 = 5*v. Suppose 3 - v = -3*p - 2*s, -5*p - 5*s = -15. Calculate the highest common factor of 8 and p.
2
Suppose -1347 - 3753 = -17*r. Calculate the greatest common factor of 430 and r.
10
Suppose -44*o + 2138372 = 41*o + 117*o. What is the greatest common divisor of 134 and o?
134
Suppose 3*w = i - 90, 0 = 271*i - 274*i + 2*w + 214. Calculate the highest common divisor of 13970 and i.
22
Let q = -7067 + 7439. Calculate the greatest common factor of 4712 and q.
124
Let c = 883 - 835. Suppose 4*w = -w + 15. Suppose -w*n + 216 = 5*g, -3*n + 22 = -5*g - 194. What is the greatest common divisor of n and c?
24
Suppose 0 = -5*f + 9*f - 156. Suppose -4*p - 5*m = -89, 2*p = -2*p + 5*m + f. Let v be 24/(-9)*108/(-2). What is the greatest common factor of v and p?
16
Let f be (14/(5 - -2))/((-4)/22). Let l(a) = -a**2 - 22*a - 49. Let u be l(f). What is the highest common divisor of u and 18?
18
Suppose 0 = -3*r + 47*r - 2464. Let w = 7 - 10. Let c be w + (1 - -6) + 3. Calculate the greatest common factor of r and c.
7
Suppose 2*d - 67 = y, 5*d - y = -256 + 425. What is the highest common divisor of d and 4454?
34
Let p = -23706 - -24317. Calculate the greatest common divisor of 299 and p.
13
Let t(n) = 123*n**2 + 11*n + 37. Let b be t(-3). Calculate the greatest common factor of b and 22.
11
Let z = 87 + -49. Suppose 275*c = -51541 + 173074 + 56117. Calculate the greatest common factor of z and c.
38
Let l = 112 + -69. Suppose 0 = 4*m - 195 + l. Let s = m + -31. Calculate the greatest common divisor of s and 63.
7
Suppose 0*l - 336 = 6*l. Let t = 116 + l. Let o be 218/8 + (-15)/t. What is the greatest common factor of 189 and o?
27
Let d be (-1)/((-6)/314484) + (-108)/(-10 + 22). Calculate the greatest common factor of d and 223.
223
Suppose 0 = -8*h - 57*h + 324*h - 132867. Calculate the greatest common factor of h and 228.
57
Suppose 0 = 21*v + 15*v - 504. Calculate the greatest common factor of 623 and v.
7
Suppose -4*f - 4*r + 24 = 0, -18*f = -14*f - 8*r - 24. What is the highest common factor of f and 8622?
6
Let x(o) = -29*o**2 - 226*o + 325. Let z be x(-9). What is the highest common divisor of 8560 and z?
10
Let v(f) = -1 + 4 + 7*f + 20*f**2 - 8*f + 8 - 9*f. Let i be v(-5). Calculate the greatest common factor of i and 33.
33
Let y(m) = 4*m - 5. Let i be y(4). Let n(t) = t**3 - 20*t**2 + 18*t + 41. Let q be n(19). Calculate the greatest common factor of q and i.
11
Let r = 25368 - 25235. What is the highest common divisor of 3173 and r?
19
Suppose -105*z = -1695 + 1487 - 2312. Let h = -263 + 575. Calculate the highest common factor of z and h.
24
Let t(r) = -105*r + 1737. Let k be t(0). Calculate the greatest common divisor of 36 and k.
9
Suppose 12*y - 277 + 129 = 1796. Calculate the highest common factor of 45 and y.
9
Let y = 618 - -3100. Calculate the greatest common factor of y and 39.
13
Let c(x) = -73*x**3 + 4*x**2 - 47*x + 32. Let n be c(-5). Calculate the highest common factor of n and 6.
6
Let y be 3/4 + 1323/12. Suppose -y = -2*f - 21. Let s be (-8 - 2) + 41 + -16. What is the greatest common factor of f and s?
15
Let z = -5791 + 5855. Calculate the highest common factor of 2304 and z.
64
Suppose -3*s + 444 = 3*p, 91*p = -2*s + 90*p + 298. Calculate the greatest common factor of 390 and s.
30
Let b be 7741695/122655 - (-2)/68*-4. Suppose -196 = -4*s + 20. What is the highest common factor of b and s?
9
Suppose 5*x = x + x + 9054. What is the highest common divisor of 12 and x?
6
Let f be ((-7)/(-3) - -1)/((-2694)/(-24246)). Calculate the highest common divisor of f and 1340.
10
Let t = -2141 - -4484. Suppose 0 = 22*i - 11*i - t. Calculate the highest common divisor of i and 3.
3
Let l be 100/(-10)*(-3)/5. Suppose 0 = -24*u + l*u + 126. What is the highest common factor of 1 and u?
1
Suppose -4*q + 2*o - 5 = -7*q, o = 3*q - 20. Let m = 11 - q. Suppose 0 = -3*x + m, -3*x = -3*u - 8 + 59. What is the greatest common divisor of u and 133?
19
Let s = -20573 - -30609. What is the greatest common divisor of s and 156?
52
Suppose -35*v + 51*v = 3248. Calculate the highest common factor of 49 and v.
7
Suppose 260 = 19*q - 1944. Let n be (-24)/(-9)*3045/q. Let z = 29 - 19. Calculate the greatest common divisor of z and n.
10
Suppose -8*r = 139 + 109. Let s = 122 - r. Calculate the greatest common factor of s and 18.
9
Suppose -2*s = 5*s - 56. Let p be (6/3)/(s/52). Let x(d) = d**2 + 8*d + 4. Let c be x(-9). What is the highest common factor of p and c?
13
Suppose -5*z = -35 - 45. Let c be 2/((z/(-12))/2). Let b be -1 + 74 - (-1)/(c/9). What is the highest common factor of b and 10?
10
Suppose -l = -490 + 191. Let y(z) = -50*z - 754. Let j be y(-16). Calculate the greatest common factor of l and j.
23
Let y be (-1)/1 - (-34 - -2). Suppose 110*l - 87*l = 115. Let w = y + l. Calculate the greatest common divisor of w and 54.
18
Let q(z) = -z**3 - 67*z**2 + z + 391. Let j be q(-67). What is the greatest common factor of j and 1863?
81
Suppose -66994 = 634*j - 716*j. What is the highest common factor of j and 760?
19
Let m = -259 + 286. Let x(c) = 2*c**2 + 9*c + 9. Let l be x(-6). Calculate the greatest common divisor of m and l.
27
Let n = -700 + 724. Suppose 0 = 4*o - 3*v + 5*v - 48, 2*o - 4*v - n = 0. What is the highest common divisor of 84 and o?
12
Let q(t) = -t - 3. Let h be q(0). Suppose 41*j - 37*j - 5*m = 68, -17 = -j + 4*m. Let i = j + h. What is the highest common factor of i and 4?
2
Let c(v) = -v**3 - 53*v**2 - 182*v - 722. Let w be c(-53). Calculate the greatest common factor of 276 and w.
92
Suppose -12 = 4*b, r - 4*b = -0*b + 14. Let j be (-2 - 0)/r - (19 - 56). What is the greatest common divisor of j and 4?
4
Suppose 16*d = -182 + 54. Let k be (26/d)/(1495/300 - 5). Calculate the highest common factor of k and 39.
39
Suppose 0 = -2*v - v + 108. Suppose -5*q + v = -2*q. Calculate the highest common divisor of 36 and q.
12
Suppose -22*t + 1467 = 22*t - 381. What is the highest common factor of t and 2163?
21
Let d be (((-357)/35)/(-1))/(285/(-100) - -3). What is the highest common factor of 844 and d?
4
Let z = 330 - 332. Let j be (-56)/z + 12 + -12. Calculate the greatest common factor of 63 and j.
7
Let r = -69 + 106. Let c = -33 + r. Suppose 6*k = 2*k + 2*g + 38, -c*k + g + 39 = 0. What is the highest common divisor of 15 and k?
5
Suppose -30*x - 34*x + 35328 = 0. What is the greatest common divisor of 168 and x?
24
Let k be (-6)/((-19)/(10260/8)) - 3*-1. What is the greatest common divisor of k and 128?
8
Let x = -195 - -193. Let r be 12/((-6)/320*x). Calculate the highest common divisor of 64 and r.
64
Let z = -88 + 421. Let r = -302 + z. Let d = 37 - -180. What is the greatest common factor of d and r?
31
Suppose 3*l - 138 = -4*p, 5*l - 26 = -236*p + 235*p. Suppose v - 4*x - x = 33, -4*v + 201 = 3*x. What is the greatest common factor of v and p?
12
Suppose 10*v = 3*m + 147, -169*m = -2*v - 170*m + 15. What is the greatest common factor of 867 and v?
3
Let p be 48/22 + 0 + (-2)/11. Suppose p + 14 = 4*v. Suppose v*w - 15 = x, 3*x + 3*w + 0*w - 30 = 0. What is the highest common factor of 5 and x?
5
Let o be (-5)/(-5) + 28 + (12 - 7). Let i(l) = 5*l - 166. Let n be i(o). Let v be 3 + -2 + (-11)/(-1). Calculate the highest common factor of v and n.
4
Suppose -149*r + 76*r = -38690. Calculate the greatest common divisor of r and 20.
10
Suppose 0 = 3*n + 15, 5*n - 956 = -3*u + 9*n. What is the highest common factor of 72 and u?
24
Suppose 330*a + 30 = 336*a. Suppose 0 = 2*g + 3*v - v - 66, 0 = a*v - 25. Calculate the greatest common factor of g and 49.
7
Suppose 6*p - 2*p - 168 = 0. Let i be (-4)/(-14) - (-30)/p - -307. Suppose 24*m - 20*m - i = 0. What is the greatest common divisor of m and 22?
11
Let u = -2963 - -4243. Calculate the greatest common factor of 40 and u.
40
Let r(k) = -k**2 - 46*k - 357. Let i be r(-35). Calculate the greatest common factor of i and 25116.
28
Let l = -3016 + 3271. What is the greatest common divisor of 165 and l?
15
Let h = -4238 + 4246. What is th